 100417799 composite?
True
Is 43094519257 a prime number?
False
Is 2611526441 composite?
True
Is 6306973363 composite?
False
Is 88304162659 composite?
True
Is 15655706719 composite?
True
Is 9235036423 a composite number?
True
Is 3058840259 a prime number?
True
Is 4490983429 prime?
True
Is 321259457 composite?
True
Is 4878109409 a composite number?
True
Is 747584363 composite?
True
Is 7765961617 prime?
True
Is 55018435153 a composite number?
True
Is 146371223 a prime number?
False
Is 685878163 a prime number?
True
Is 39554895827 prime?
True
Is 10482359219 composite?
False
Is 530712821 composite?
False
Is 36219916685 prime?
False
Is 16659274 a composite number?
True
Is 1149397187 a prime number?
True
Is 15938807 composite?
True
Is 5741572201 prime?
False
Is 141245633 a prime number?
True
Is 123767017 prime?
False
Is 6346318019 prime?
True
Is 542725681 composite?
True
Is 9719000471 a composite number?
False
Is 1295796877 a prime number?
False
Is 2729093 a composite number?
False
Is 4046957903 composite?
False
Is 2299137353 prime?
True
Is 1480887773 a prime number?
True
Is 83157305393 a composite number?
False
Is 37321703 prime?
True
Is 5114210009 prime?
True
Is 163511746061 a composite number?
False
Is 153022477 prime?
True
Is 16130184589 prime?
True
Is 102075761 composite?
False
Is 2705299451 prime?
True
Is 882618377 a composite number?
True
Is 121199833 prime?
False
Is 6695432879 prime?
True
Is 14969384083 a composite number?
True
Is 43657058857 composite?
False
Is 1678776938 a composite number?
True
Is 106804055 a prime number?
False
Is 3530608007 composite?
False
Is 1125487133 a composite number?
True
Is 408819209 prime?
True
Is 15188603687 a composite number?
False
Is 18882631483 composite?
True
Is 19289049389 a composite number?
False
Is 2527893397 composite?
False
Is 552291329 composite?
True
Is 2178537311 a prime number?
True
Is 8783848571 a prime number?
False
Is 2347165322 composite?
True
Is 55114579901 composite?
False
Is 110349857 prime?
True
Is 2035514809 composite?
True
Is 21559532143 a composite number?
True
Is 1675038229 a composite number?
True
Is 325179389 a prime number?
False
Is 671839057 a prime number?
True
Is 3818229647 a prime number?
False
Is 5209307101 a composite number?
False
Is 3046491687 a prime number?
False
Is 640521337 a prime number?
True
Is 26448836387 prime?
False
Is 1108676389 prime?
False
Is 748507649 a prime number?
False
Is 12241221313 composite?
False
Is 31910108861 a composite number?
True
Is 2783120357 composite?
False
Is 53616601079 composite?
True
Is 4108102021 a composite number?
True
Is 7423224449 prime?
True
Is 2098377451 a composite number?
False
Is 2149580683 a prime number?
True
Is 48426593 a composite number?
True
Is 4671418183 a prime number?
False
Is 47030191027 composite?
True
Is 6392853497 prime?
False
Is 2087963879 a prime number?
True
Is 3929426353 prime?
True
Is 2160954941 prime?
True
Is 29107689451 a composite number?
False
Is 78557037023 composite?
False
Is 9812398027 a prime number?
True
Is 111224514931 prime?
True
Is 343577573 a prime number?
True
Is 1832660299 prime?
False
Is 1049094877 prime?
True
Is 304987573 composite?
True
Is 2194946923 composite?
True
Is 274155381443 composite?
False
Is 1536577139 prime?
False
Is 972097327 prime?
False
Is 3311338339 a composite number?
True
Is 23928912173 composite?
True
Is 11463853 composite?
False
Is 3050855513 composite?
True
Is 342048181 a prime number?
True
Is 14996139523 a composite number?
False
Is 147041610433 a prime number?
False
Is 1991869361 a prime number?
True
Is 461095613 composite?
True
Is 586000007 a prime number?
True
Is 1102084171 a composite number?
True
Is 3652086389 composite?
True
Is 7381890247 composite?
False
Is 5079208598 prime?
False
Is 92348518181 composite?
True
Is 61185389 composite?
True
Is 31080765577 prime?
True
Is 55972696501 prime?
True
Is 5560495417 composite?
False
Is 1418984569 prime?
False
Is 442739111 a prime number?
True
Is 25256366471 composite?
True
Is 4618562747 composite?
False
Is 589762007 prime?
True
Is 34603081 a prime number?
True
Is 1444771219 a composite number?
False
Is 78189972041 a prime number?
False
Is 3453055777 a prime number?
True
Is 121948889 composite?
False
Is 9292828859 a composite number?
True
Is 515420197 composite?
False
Is 82879224433 composite?
True
Is 2085302011 composite?
True
Is 45059982911 composite?
False
Is 5687665267 a prime number?
False
Is 5974014821 composite?
False
Is 163038199 a composite number?
True
Is 170674415731 composite?
False
Is 1676260139 prime?
False
Is 128868600847 prime?
False
Is 45543733163 composite?
False
Is 3778612718 a prime number?
False
Is 1165751383 composite?
False
Is 993460199 a composite number?
False
Is 1183714115 prime?
False
Is 1438931111 a prime number?
True
Is 4389012211 composite?
False
Is 15312833633 a composite number?
False
Is 232577557 prime?
True
Is 105595267 prime?
False
Is 4661053451 a prime number?
True
Is 1168138681 composite?
False
Is 5134583771 a composite number?
False
Is 3911544599 a composite number?
False
Is 1432919717 a composite number?
True
Is 1908624329 composite?
False
Is 8382791059 prime?
True
Is 14785922171 a prime number?
False
Is 877383233 composite?
False
Is 9823590583 a composite number?
True
Is 36253117759 composite?
False
Is 64302547 prime?
True
Is 87575341303 prime?
False
Is 38813894243 composite?
True
Is 3290275273 a composite number?
True
Is 34668220877 prime?
True
Is 2779893521 a prime number?
False
Is 24989422133 a composite number?
True
Is 872234969 a prime number?
True
Is 229361501 prime?
False
Is 5560404439 prime?
True
Is 2389099579 a prime number?
True
Is 1005520918 a composite number?
True
Is 32667685849 a prime number?
False
Is 8031336149 prime?
True
Is 2633362453 a composite number?
False
Is 12540571193 prime?
False
Is 848522393 prime?
False
Is 4042593151 composite?
False
Is 6231549307 a composite number?
False
Is 867114541 prime?
False
Is 1210577629 composite?
False
Is 486146719 prime?
False
Is 4019217251 a prime number?
False
Is 3240055939 a composite number?
True
Is 288902659 a composite number?
False
Is 283865628443 a composite number?
False
Is 1066714757 composite?
False
Is 474376822 a prime number?
False
Is 37332716489 composite?
False
Is 16270878254 a prime number?
False
Is 924719107 a composite number?
True
Is 410277391 a composite number?
True
Is 81028282847 composite?
False
Is 9902443121 a composite number?
True
Is 308917337 a composite number?
True
Is 2094031939 a composite number?
False
Is 8979054569 a prime number?
True
Is 9155653261 a prime number?
True
Is 7702945697 a composite number?
True
Is 9309404071 a prime number?
False
Is 310070165 prime?
False
Is 16271107 a composite number?
False
Is 340146943871 composite?
True
Is 5626325305 composite?
True
Is 2186623083 a prime number?
False
Is 7617657017 a composite number?
True
Is 135040897 composite?
True
Is 1292806369 prime?
False
Is 6245580643 a composite number?
True
Is 108264365663 a composite number?
False
Is 207383419 a composite number?
True
Is 46074059 prime?
False
Is 7537671551 a prime number?
False
Is 171281767 composite?
False
Is 486459761 composite?
False
Is 16893416733 composite?
True
Is 341400989 composite?
True
Is 1333744169 composite?
True
Is 90958665467 composite?
False
Is 40549277053 prime?
True
Is 142005533 a composite number?
True
Is 635486209 a composite number?
False
Is 80086399 a prime number?
True
Is 15301815391 prime?
True
Is 1265456309 prime?
False
Is 68770393 a composite number?
True
Is 552363947 composite?
False
Is 810136703 composite?
False
Is 2159063 a composite number?
False
Is 698965273 a composite number?
False
Is 209173927 a composite number?
True
Is 6442561831 composite?
False
Is 132590816687 composite?
True
Is 43485581033 composite?
True
Is 32396945813 a prime number?
True
Is 230080699 a composite number?
True
Is 489877807 composite?
False
Is 1473374813 composite?
False
Is 2559001267 a composite number?
True
Is 481992523 composite?
False
Is 5674877893 composite?
False
Is 7173212219 prime?
False
Is 1720220221 prime?
True
Is 20870803 prime?
False
Is 1040280029 a composite number?
False
Is 7602604151 a composite number?
False
Is 569411201 composite?
True
Is 14355208393 composite?
True
Is 470805943 pri